rs of v.
2, 349
Let v be (1 - -12) + 14 + -18. Let n be (-3)/((-3)/20) + -3. Let z = v + n. What are the prime factors of z?
2, 13
Let c(p) = -3*p - 23. Let x be c(-8). List the prime factors of (x - (-6)/(-3)) + 357/3.
2, 59
Let m = -130 + 365. What are the prime factors of m?
5, 47
Suppose -29 = -s - 4*t + 3*t, -2*t + 8 = 0. Suppose -o + 51 = -s. What are the prime factors of o?
2, 19
Let w(g) = -9 - 25 + 9*g - 124 + 28. Let c(j) = -13*j + 195. Let f(u) = 5*c(u) + 7*w(u). List the prime factors of f(0).
5, 13
Let t be -1 + ((-2)/2)/1. Let d(u) = -38*u + 2. List the prime factors of d(t).
2, 3, 13
What are the prime factors of ((-7)/(28/135))/(18/(-192))?
2, 3, 5
Suppose 0 = 3*d, 2*i - 4228 = 9*d - 7*d. What are the prime factors of i?
2, 7, 151
Let z be 42/10 - 2/10. Let g(c) = -c + 2. Let d be g(z). List the prime factors of 1 + d/(-1) + 10.
13
Let n = 577 + 77. List the prime factors of n.
2, 3, 109
Let v(m) = 4*m**2 + 13*m - 45. List the prime factors of v(6).
3, 59
Let a = -1999 + 4792. What are the prime factors of a?
3, 7, 19
Suppose 8*s - 5 = -85. What are the prime factors of ((-16)/6)/(5/(225/s))?
2, 3
Let h = -96 + 430. What are the prime factors of h?
2, 167
Suppose -2*d = -r + 109, r = -r - 2*d + 200. Let v = r + -7. Suppose v = -0*l + 4*l. List the prime factors of l.
2, 3
Let v(p) be the second derivative of p**4/12 - p**2 + 4*p. Suppose j - 2 + 4 = -3*s, 3*j = 3*s + 18. List the prime factors of v(s).
2
Let f = -4965 - -7282. What are the prime factors of f?
7, 331
Let g(m) = 6*m + 407. Let j be g(0). Let n = j - 291. What are the prime factors of n?
2, 29
List the prime factors of (2979/(-3))/(-5*18/120).
2, 331
Let m be 12/20 - (968/5 + 2). Let k = 12 - m. What are the prime factors of k?
3, 23
Let k be ((-12)/(-4)*1)/(-1). Let x be -3 - (0 + k) - 2. What are the prime factors of (-1)/x*(3 + 31)?
17
Let u = 1126 - 497. List the prime factors of u.
17, 37
What are the prime factors of (1544/5)/(-13 + 134/10)?
2, 193
Let m be (3/(-4))/((-5)/20). Suppose p = 3*k - 0*k - 193, 0 = m*k + 3*p - 177. Let n = k + -38. What are the prime factors of n?
5
Let a be -4 + (11 - 4 - 3). Suppose 2 = 2*w - a. List the prime factors of (34/w)/(4/2).
17
Suppose 0 = 18*h - 13*h - 2860. Suppose 5*r + 2*n - h = 0, 3*n + 248 = 2*r - n. List the prime factors of r.
2, 29
Let s = 532 + -142. What are the prime factors of s?
2, 3, 5, 13
Suppose q + 4*a - 38 = 0, 73 = q - 5*a + 2*a. Let t = 128 - q. Suppose -3*w = -3*p + 51, t = 3*p + p - 5*w. List the prime factors of p.
3, 5
Let s be (-4)/(-16) + (-278)/(-8). Let c = 120 - s. What are the prime factors of c?
5, 17
Let d be 120/28 - 6/21. Suppose d*j + 3 = -s, j = 5*s - 2*s - 4. Let z = 5 - s. List the prime factors of z.
2
Let l = -114 + 47. Let c = -17 - l. List the prime factors of c.
2, 5
Let r(n) = 2*n**2 - 33*n - 359. What are the prime factors of r(39)?
2, 349
Suppose -21 = -4*y + t, 2*t - 3 = -y - 0*t. Let w(c) = c - 8. Let l be w(y). What are the prime factors of 2 + (-96)/l + -3?
31
Suppose 2*b - 25 = -5*i + 12, -3*b = 3*i - 15. Let m = -5 + i. Suppose 3*j - 4*t - 73 = 0, m*t - 3 = -j - 0*t. What are the prime factors of j?
19
Suppose 2382 = l + 5*i, -3*l + 2892 + 4306 = 2*i. What are the prime factors of l?
2, 1201
Let r(a) = -157*a**3 - 2*a**2 - 2*a. Suppose -14*p + 1 = -15*p. List the prime factors of r(p).
157
Suppose 2*f - f = 5. What are the prime factors of 53 - f/((-10)/2)?
2, 3
Suppose -10 = -50*m + 45*m. Suppose -20 = -2*q + m. List the prime factors of q.
11
What are the prime factors of 8/(-5)*(-8125)/26?
2, 5
Suppose 2*a + 10 = -0*a - 2*u, -5*a = -3*u + 41. List the prime factors of (-4 - -24)*a/(-4).
5, 7
Let f(g) = g**3 - 8*g**2 + 3*g - 5. Let b be 591/9 - (-2)/6. Suppose 26 = -5*z + b. List the prime factors of f(z).
19
Let w = -32 + 62. Let t be 4/w + (-2289)/(-45). Suppose 60 = 3*q - 2*v, -q + 3*q = 5*v + t. What are the prime factors of q?
2, 3
Suppose 0 = -7*u + 42*u - 14665. What are the prime factors of u?
419
Let m(f) = -11*f**2 + 8*f + 16. Let g be m(-4). Let y = -110 - g. What are the prime factors of y?
2, 41
Let k(t) = 15*t + 250. List the prime factors of k(8).
2, 5, 37
Let l be ((-130)/(-25) - 3) + (-2)/10. Suppose 7 = -2*t - 3*x + 40, x - 43 = -l*t. What are the prime factors of t?
2, 3
Let i(m) = -13*m - 108. What are the prime factors of i(-16)?
2, 5
Suppose -3*i - l - 1236 = 0, -3*l - 2064 = 8*i - 3*i. Let q = 606 + i. What are the prime factors of q?
3, 5, 13
Let h(k) = -k**2 - 7*k - 1. Let m be h(-7). List the prime factors of m/(4/(-752)*2).
2, 47
Let o = 793 - 190. What are the prime factors of o?
3, 67
Suppose -93 = -o - 69. List the prime factors of o.
2, 3
List the prime factors of 2334 + 28 - (0 - -6).
2, 19, 31
Let i(y) = -8*y + 1. Let o be i(-3). Let v = o + -14. What are the prime factors of v?
11
Let s(d) = d**2 - 5. Let o be s(-3). Suppose -3*a + 2 = 4*j - 0, o*j + a = 6. Let u(r) = 11*r**3 - 2*r**2 + 2*r - 1. List the prime factors of u(j).
83
Let g(p) = -11*p + 63. Suppose 2*f + 18 = 4. List the prime factors of g(f).
2, 5, 7
Let k(r) = 37*r**2 - 2*r - 4. Let s be k(-3). Suppose 46 = g - 4*z, 0 = 3*g + 2*g + z - s. What are the prime factors of g?
2, 3, 11
Let x(n) = 3*n**2 + 12*n - 18. Suppose 3*d + 2*o - 18 = 4*d, 0 = 5*d + o + 57. Let m be x(d). What are the prime factors of 2/(-4 + m/67)?
67
Let s be (-1)/(-3 + (-2742)/(-915)). Suppose -4*c + 20 = -0*c, 0 = 5*x + 3*c - s. List the prime factors of x.
2, 29
Let a(x) = 150*x**3 - x + 1. Let t be a(1). Let s = t + -7. List the prime factors of s.
11, 13
Let g = 2 - 0. Suppose 4*t + 30 = g*y, -5*t = -3*y + y + 35. Suppose 2*i - 3*z - 10 = 3*i, -i = -y*z - 30. What are the prime factors of i?
5
Let w be ((5 - 4) + -2)*-217. Suppose 14*s = 7*s + w. List the prime factors of s.
31
Let h be -3*(-3)/((-18)/(-32)). Suppose 2*y = h + 14. Suppose -2*n + 10 = 2*s, y = -2*s - 3*s. List the prime factors of n.
2
Suppose 7*y - 488 = 3*y. Suppose 2*j - y = 2. What are the prime factors of j?
2, 31
Let o(p) = 12*p**2 - p + 2. Let w be o(2). List the prime factors of 8/w + 2571/18.
11, 13
Let u = -1126 + 1813. List the prime factors of u.
3, 229
Suppose 5 = -p + 2*u, -38 = 5*p - 4*u - 13. List the prime factors of -3 + (590/(-2))/p.
2, 7
List the prime factors of (-100)/(-150)*(-60)/(-1).
2, 5
Suppose 3*c = -2*c. Let q be (c/(-2))/((-1)/(-1)). Suppose q*m + 64 = 4*m. What are the prime factors of m?
2
Suppose 5*o + 4*g = -g - 25, -4*o = 2*g + 10. Suppose -7*p + 3*p + 180 = o. What are the prime factors of p?
3, 5
Let t = -13 + 13. Suppose -3*r - r - 4*b + 24 = t, -5*b = -3*r + 26. Suppose 4*a = 3*a + r. List the prime factors of a.
7
Let p = -396 + 215. Let h = p + 270. What are the prime factors of h?
89
Let a(r) = 630*r - 1057. What are the prime factors of a(6)?
7, 389
Let i(a) be the second derivative of -3/2*a**2 + 1/4*a**4 - a - 5/6*a**3 + 0. List the prime factors of i(4).
5
Let g(l) = 285*l - 179. List the prime factors of g(6).
1531
Let b = 12 + -26. Suppose 0 = -a + 24 - 3. Let y = a + b. List the prime factors of y.
7
What are the prime factors of 676/36 + 6 + 2/9?
5
Let l be 7595/21 + 4/(-6). Let z = -71 + l. Suppose z = 5*a - 3*w + 81, -a + 3*w = -49. What are the prime factors of a?
2, 5
Let w be (-412)/(-20) + 2/5. Suppose -l = -32 - w. Let g = l - 27. List the prime factors of g.
2, 13
Let q = 67 + -70. Suppose 6*g - 3*g = -21. Let f = q - g. What are the prime factors of f?
2
Suppose 4*h - 198 = 5*i - 2*i, 100 = 2*h - 2*i. What are the prime factors of ((-18)/(-12))/(9/h)?
2
Let y(w) = 3*w - 13. Let v be y(6). Suppose 2*t = v*z + 312, t - 5*z - 93 - 58 = 0. What are the prime factors of t?
7, 23
Let f = -19 + 27. Let g(c) = -2*c + 0 + 10*c**2 - c**2 + 6 - 3*c - c**3. What are the prime factors of g(f)?
2, 3, 5
Let c be ((-249 - 3) + -3)*3/(-3). Suppose 5*u + 10 = c. What are the prime factors of u?
7
Let j = 4438 + -2735. List the prime factors of j.
13, 131
What are the prime factors of 9/12 - (237432/(-32))/3?
2, 1237
Suppose 11 = -3*t + 20. Suppose 0 = 2*q - 5*o - 240, -o - 226 = -2*q - t*o. List the prime factors of q.
5, 23
Let i(r) = 11*r**2 + 2*r. Let z be i(-2). Let g = 107 - z. What are the prime factors of g?
67
Let d(b) = 106*b + 2. What are the prime factors of d(3)?
2, 5
Let